1 + 246. Calculate the highest common factor of s and 1.
1
Suppose u - 30 + 5 = 0. Let b be (2 + 3)*(-24)/(-40). Suppose b*w = 8 - 2, 2*d = 4*w + 42. What is the highest common factor of u and d?
25
Let n(t) = 4*t**2 - 13*t - 5. Let u be n(5). Calculate the greatest common divisor of u and 300.
30
Let p(f) = -f**2 + 11*f - 2. Let d = -19 + 27. Let s be p(d). What is the greatest common factor of s and 33?
11
Suppose -8 = -0*x + 2*x. Let c(a) = 0*a**3 + 5*a**2 + 6 + 0 + a**3 + 0*a + 4*a. Let t be c(x). Calculate the highest common divisor of 66 and t.
6
Let t = 3 + 37. Let w = -18 + t. Let p be 1/(((-12)/88)/(-3)). Calculate the greatest common factor of p and w.
22
Suppose -93*c + 1125 = -68*c. What is the highest common divisor of c and 65?
5
Suppose -w - 5 = 0, -3*w = -7*r + 9*r - 65. What is the greatest common factor of 100 and r?
20
Let d be 2/4 + (-475)/(-10). What is the greatest common divisor of 84 and d?
12
Suppose 0 = -3*g - w - 41, 6*g = 2*g - 3*w - 63. Let h be g/(-54) + (-428)/(-18). Calculate the highest common divisor of h and 8.
8
Let v be ((1 + 3)/4)/((-3)/27). Let w be 0 - (v - 0 - 2). Calculate the greatest common divisor of 121 and w.
11
Let n = 3258 - 2114. What is the greatest common factor of 156 and n?
52
Let c be -3 + 1 + 24/(-1 + 5). Suppose -c*h - 7 = -67. What is the greatest common factor of 3 and h?
3
Suppose 656*d - 658*d = -8. Calculate the greatest common factor of d and 34.
2
Let m be (-14)/112*4*-66. Let o be (3 - 0)*(1 + 0). Calculate the greatest common factor of o and m.
3
Suppose -3*t - 114 - 71 = 5*x, x + 37 = 5*t. Let u = -21 - x. Calculate the highest common factor of u and 128.
16
Suppose 112*o - 84*o = 11284. What is the highest common factor of 39 and o?
13
Let k(m) = 2*m**2 - 19*m + 30. Let o be k(11). Calculate the greatest common factor of 105 and o.
21
Let a be (-416)/(-24) + 4*3/(-9). Calculate the highest common factor of 1 and a.
1
Suppose -n - 1 = s - 16, -3*s + 13 = n. Calculate the greatest common factor of n and 152.
8
Suppose -9*y + 12*y - 102 = 0. Suppose 3*v = v - 5*k + 32, 0 = -v + 2*k + y. What is the greatest common divisor of v and 182?
26
Suppose -f + 14 = b, -3*b + 22 + 11 = 2*f. Suppose -10*x + f*x = -14. Let u(h) = 5*h + 5. Let j be u(6). Calculate the greatest common factor of j and x.
7
Let y be 2 - 30/5 - (2 - 132). Let q = y - 111. What is the greatest common factor of 45 and q?
15
Suppose -3*b - 60 = 4*l - 192, 2*l = 0. Suppose 8*m = b - 4. Calculate the greatest common divisor of m and 40.
5
Suppose -240 = -9*p - 15*p. Let g(a) = 3*a + 2*a - 4*a + a**2 + 2. Let t be g(-2). Calculate the highest common divisor of t and p.
2
Let z(a) be the second derivative of a**3/6 - 3*a**2/2 - 4*a. Let v be z(13). Suppose 21 + 19 = m. What is the highest common divisor of v and m?
10
Suppose k - 4*m - 16 = 0, -4*k + 7 = 5*m - 15. What is the greatest common factor of k and 56?
8
Let j = -392 + 34. Let a be 2*2/24 + j/(-12). Let z be 2/(-1) - (-149 + -3). Calculate the greatest common factor of a and z.
30
Let f(a) = 62*a + 2. Let w be f(14). Suppose -6*v + v - w = 0. Let n = -122 - v. Calculate the highest common factor of 13 and n.
13
Let q be (-4 + -80)/(-7)*26. What is the highest common factor of 13 and q?
13
Suppose 2*u - w - 35 + 6 = 0, 4*w = 3*u - 36. Suppose 15*o - 17*o + u = 0. What is the highest common divisor of o and 64?
8
Let a = 10 - 5. Let f = 6 + -6. Suppose 20 = -f*z + a*z. What is the highest common factor of z and 16?
4
Let c = -247 + 64. Let g = c - -258. Let t = 16 - 1. What is the highest common divisor of g and t?
15
Let s = 40 - 8. Let y = 107 - s. What is the greatest common divisor of y and 5?
5
Suppose 0*f - 215 = -3*t - 2*f, 287 = 4*t + 3*f. Suppose 5*z + d = -3*d + 135, -5*d + t = 2*z. What is the greatest common divisor of 92 and z?
23
Let u = 51 + -54. Let q be 22 + (u + 1 - 0/1). Calculate the greatest common divisor of q and 140.
20
Let q(b) = -b**3 + b**2 - b + 2. Let c be q(0). Let j be (5 + 6)/(c/12). Suppose 2*n - 24 = j. What is the highest common divisor of 5 and n?
5
Suppose -3*q + 560 = -5*g - 286, 4*q = -5*g + 1163. Calculate the greatest common factor of q and 7.
7
Let c = -63 - -94. Let r = c + -18. What is the highest common factor of r and 52?
13
Suppose 3*t + 3*o + 2*o = 38, -t - 3*o = -14. What is the highest common divisor of t and 352?
11
Let r = -830 - -491. Let f = -201 - r. Suppose f = 2*s - 4*b, -b = -3*s + 2*b + 201. What is the highest common factor of s and 13?
13
Let g be 120 + -6*(-1)/(-2). Let y be (130/(-10))/(-6 + 2 + 3). Calculate the highest common divisor of y and g.
13
Suppose 4*s = -3*n - 0 + 4, 17 = -n - 5*s. Suppose 0 = -2*h - 3*j + n + 3, -5*h - 5*j + 30 = 0. Calculate the greatest common divisor of 7 and h.
7
Let c = -92 - -137. Suppose -16 = -3*d + a, 5*d - 56 + 22 = -2*a. Suppose -4*m - 3*y + d = -30, 2*y - 9 = -m. What is the highest common divisor of c and m?
9
Let j = 23 + -23. Suppose j = c - 7*c + 144. What is the highest common factor of c and 16?
8
Let y be 5 - (-11)/((-66)/(-84)). Suppose -3*n - 4*f + 155 = 0, n - 3*f - 45 = -6*f. Calculate the greatest common divisor of y and n.
19
Let s = 374 - 350. Calculate the greatest common factor of s and 384.
24
Suppose -5*x - 17 = 2*n - 5, 5*n + 30 = -4*x. Let j be (3/(-6))/(4 - (-25)/n). Calculate the greatest common factor of j and 3.
3
Suppose m = 4*z - 28 - 5, -2*m = 4*z - 30. Suppose r - z + 7 = 0. Calculate the greatest common factor of r and 11.
1
Suppose 0 = -3*s - 12, -3*o + 3*s - 5*s = -157. What is the highest common divisor of 33 and o?
11
Let q(x) = x**3 + 12*x**2 + 12*x + 7. Let l be q(-8). Let v = l - 98. Calculate the highest common divisor of 3 and v.
3
Suppose -9*a - 10*a + 10944 = 0. Calculate the greatest common factor of 36 and a.
36
Suppose -28*o + 1190 = -70. Suppose x + 1 + 2 = 0. Let a(v) = 2*v**2. Let w be a(x). What is the greatest common divisor of w and o?
9
Let z(t) = -t**3 + 18*t**2 + 31*t + 59. Let i be z(19). What is the greatest common factor of 14 and i?
7
Suppose 425 = 2*d - 123. Suppose -3*l - 3*t = 28 - d, 3*l = 5*t + 262. Suppose -69*q - 532 = -88*q. Calculate the greatest common factor of l and q.
28
Suppose -5*a + 21 = -2*w, -w + 3 = 5*a + 3*w. Suppose -a*y - y + 8 = 0. Suppose -5*h = -y - 18. What is the greatest common divisor of 6 and h?
2
Let d(n) = -n**3 + 5*n**2 + 5*n - 7. Let o be d(-4). What is the greatest common factor of o and 3159?
117
Let q be (-4)/(-7)*(-7)/(-1). Suppose 0 = -f - 3*h - 13, f - 22 = 8*h - q*h. Calculate the greatest common factor of f and 16.
2
Let s = 131 - -155. Let o be ((-4)/8*206)/(-2)*-4. Let t = -180 - o. Calculate the greatest common factor of s and t.
26
Suppose -3*o + 317 = q + q, o - 4*q = 101. What is the greatest common factor of o and 525?
105
Suppose -z + 306 = -d + z, 3*z = -5*d - 1556. Let g = 585 + d. Calculate the highest common divisor of g and 25.
25
Suppose 3*o + 2 = j, 5*o - o = -4*j + 72. Let g be (-3)/(-4)*j*-2. Let w = g + 23. What is the highest common divisor of 22 and w?
2
Let y = 48 + -19. Calculate the greatest common divisor of 261 and y.
29
Suppose m = -m - 5*h + 39, -3*h = -3*m + 6. What is the greatest common divisor of 203 and m?
7
Suppose 0 = 2*t + 4*y - 404, -5*t + 981 = y - 11. Calculate the highest common factor of 9 and t.
9
Suppose 5*f - 6 - 3 = -2*y, 3*f + 9 = 0. Let v be 328/12 + (-4)/y. What is the highest common divisor of v and 243?
27
Let s be (-88)/(-33)*(-105)/(-10). What is the highest common factor of 42 and s?
14
Let a = 3797 + -2609. Calculate the greatest common divisor of a and 66.
66
Suppose 612 = 22*s - 13*s. Calculate the highest common divisor of s and 17.
17
Let h be (2/7)/((-10)/(-70)). Suppose h*z = z. Suppose 5*m + 4*a - 98 = z, -m + 4*a + 0*a + 10 = 0. Calculate the greatest common divisor of m and 126.
18
Let i be 50*6*2/(-20)*-4. Calculate the greatest common divisor of i and 4.
4
Let d(j) = -j**3 - 15*j**2 - 14. Let o be d(-15). Let q(w) = -w**3 - 15*w**2 - 13*w + 18. Let f be q(o). What is the highest common factor of 4 and f?
4
Suppose -5*i = 2*q - 35, -11 - 35 = -3*q - i. Suppose -2*n - 3*n + 10 = 0, -n = 2*v - 34. Let u be (8/6)/(v/36). What is the greatest common factor of u and q?
3
Suppose -6*c = -3*p - 2*c, 0 = -